[INFO] fetching crate token 1.0.0-rc1...
[INFO] checking token-1.0.0-rc1 against master#af3c6e733a40e671550e0f0f5aeecaa13772ba56 for pr-74989
[INFO] extracting crate token 1.0.0-rc1 into /workspace/builds/worker-9/source
[INFO] validating manifest of crates.io crate token 1.0.0-rc1 on toolchain af3c6e733a40e671550e0f0f5aeecaa13772ba56
[INFO] running `Command { std: "/workspace/cargo-home/bin/cargo" "+af3c6e733a40e671550e0f0f5aeecaa13772ba56" "read-manifest" "--manifest-path" "Cargo.toml", kill_on_drop: false }`
[INFO] started tweaking crates.io crate token 1.0.0-rc1
[INFO] finished tweaking crates.io crate token 1.0.0-rc1
[INFO] tweaked toml for crates.io crate token 1.0.0-rc1 written to /workspace/builds/worker-9/source/Cargo.toml
[INFO] running `Command { std: "/workspace/cargo-home/bin/cargo" "+af3c6e733a40e671550e0f0f5aeecaa13772ba56" "generate-lockfile" "--manifest-path" "Cargo.toml" "-Zno-index-update", kill_on_drop: false }`
[INFO] running `Command { std: "/workspace/cargo-home/bin/cargo" "+af3c6e733a40e671550e0f0f5aeecaa13772ba56" "fetch" "--locked" "--manifest-path" "Cargo.toml", kill_on_drop: false }`
[INFO] running `Command { std: "docker" "create" "-v" "/var/lib/crater-agent-workspace/builds/worker-9/target:/opt/rustwide/target:rw,Z" "-v" "/var/lib/crater-agent-workspace/builds/worker-9/source:/opt/rustwide/workdir:ro,Z" "-v" "/var/lib/crater-agent-workspace/cargo-home:/opt/rustwide/cargo-home:ro,Z" "-v" "/var/lib/crater-agent-workspace/rustup-home:/opt/rustwide/rustup-home:ro,Z" "-e" "SOURCE_DIR=/opt/rustwide/workdir" "-e" "CARGO_TARGET_DIR=/opt/rustwide/target" "-e" "CARGO_HOME=/opt/rustwide/cargo-home" "-e" "RUSTUP_HOME=/opt/rustwide/rustup-home" "-w" "/opt/rustwide/workdir" "-m" "1610612736" "--user" "0:0" "--network" "none" "rustops/crates-build-env@sha256:d92eaeed33fa75130ca1ee6c8a01d1ffb62bac859dfdfb3450e3e5d1c0146529" "/opt/rustwide/cargo-home/bin/cargo" "+af3c6e733a40e671550e0f0f5aeecaa13772ba56" "metadata" "--no-deps" "--format-version=1", kill_on_drop: false }`
[INFO] [stderr] WARNING: Your kernel does not support swap limit capabilities or the cgroup is not mounted. Memory limited without swap.
[INFO] [stdout] 979b8b2056e2e51f3b3505d6b51d37a084eb53fd3958182571f9fa1bb500a371
[INFO] running `Command { std: "docker" "start" "-a" "979b8b2056e2e51f3b3505d6b51d37a084eb53fd3958182571f9fa1bb500a371", kill_on_drop: false }`
[INFO] running `Command { std: "docker" "inspect" "979b8b2056e2e51f3b3505d6b51d37a084eb53fd3958182571f9fa1bb500a371", kill_on_drop: false }`
[INFO] running `Command { std: "docker" "rm" "-f" "979b8b2056e2e51f3b3505d6b51d37a084eb53fd3958182571f9fa1bb500a371", kill_on_drop: false }`
[INFO] [stdout] 979b8b2056e2e51f3b3505d6b51d37a084eb53fd3958182571f9fa1bb500a371
[INFO] running `Command { std: "docker" "create" "-v" "/var/lib/crater-agent-workspace/builds/worker-9/target:/opt/rustwide/target:rw,Z" "-v" "/var/lib/crater-agent-workspace/builds/worker-9/source:/opt/rustwide/workdir:ro,Z" "-v" "/var/lib/crater-agent-workspace/cargo-home:/opt/rustwide/cargo-home:ro,Z" "-v" "/var/lib/crater-agent-workspace/rustup-home:/opt/rustwide/rustup-home:ro,Z" "-e" "SOURCE_DIR=/opt/rustwide/workdir" "-e" "CARGO_TARGET_DIR=/opt/rustwide/target" "-e" "CARGO_INCREMENTAL=0" "-e" "RUST_BACKTRACE=full" "-e" "RUSTFLAGS=--cap-lints=forbid" "-e" "CARGO_HOME=/opt/rustwide/cargo-home" "-e" "RUSTUP_HOME=/opt/rustwide/rustup-home" "-w" "/opt/rustwide/workdir" "-m" "1610612736" "--user" "0:0" "--network" "none" "rustops/crates-build-env@sha256:d92eaeed33fa75130ca1ee6c8a01d1ffb62bac859dfdfb3450e3e5d1c0146529" "/opt/rustwide/cargo-home/bin/cargo" "+af3c6e733a40e671550e0f0f5aeecaa13772ba56" "check" "--frozen" "--all" "--all-targets" "--message-format=json", kill_on_drop: false }`
[INFO] [stdout] 90993ad43e75f96f5c945bf30029cbea79e45d0a8ea643d7bebd754435bdb572
[INFO] [stderr] WARNING: Your kernel does not support swap limit capabilities or the cgroup is not mounted. Memory limited without swap.
[INFO] running `Command { std: "docker" "start" "-a" "90993ad43e75f96f5c945bf30029cbea79e45d0a8ea643d7bebd754435bdb572", kill_on_drop: false }`
[INFO] [stderr]     Checking token v1.0.0-rc1 (/opt/rustwide/workdir)
[INFO] [stdout] error[E0432]: unresolved import `std::io::ReadExt`
[INFO] [stdout]   --> src/lib.rs:50:21
[INFO] [stdout]    |
[INFO] [stdout] 50 | use std::io::{Read, ReadExt};
[INFO] [stdout]    |                     ^^^^^^^ no `ReadExt` in `io`
[INFO] [stdout] 
[INFO] [stdout] 
[INFO] [stdout] error[E0432]: unresolved import `std::io::ReadExt`
[INFO] [stdout]   --> src/lib.rs:50:21
[INFO] [stdout]    |
[INFO] [stdout] 50 | use std::io::{Read, ReadExt};
[INFO] [stdout]    |                     ^^^^^^^ no `ReadExt` in `io`
[INFO] [stdout] 
[INFO] [stdout] 
[INFO] [stdout] error[E0412]: cannot find type `Chars` in module `io`
[INFO] [stdout]   --> src/lib.rs:57:16
[INFO] [stdout]    |
[INFO] [stdout] 57 |     chars: io::Chars<R>,
[INFO] [stdout]    |                ^^^^^ not found in `io`
[INFO] [stdout]    |
[INFO] [stdout] help: consider importing this struct
[INFO] [stdout]    |
[INFO] [stdout] 47 | use std::str::Chars;
[INFO] [stdout]    |
[INFO] [stdout] 
[INFO] [stdout] 
[INFO] [stdout] error[E0412]: cannot find type `CharsError` in module `io`
[INFO] [stdout]   --> src/lib.rs:83:37
[INFO] [stdout]    |
[INFO] [stdout] 83 |     type Item = Result<&'a str, io::CharsError>;
[INFO] [stdout]    |                                     ^^^^^^^^^^ not found in `io`
[INFO] [stdout] 
[INFO] [stdout] 
[INFO] [stdout] error[E0412]: cannot find type `CharsError` in module `io`
[INFO] [stdout]   --> src/lib.rs:87:51
[INFO] [stdout]    |
[INFO] [stdout] 87 |     fn next(&mut self) -> Option<Result<&str, io::CharsError>> {
[INFO] [stdout]    |                                                   ^^^^^^^^^^ not found in `io`
[INFO] [stdout] 
[INFO] [stdout] 
[INFO] [stdout] error[E0412]: cannot find type `CharsError` in module `io`
[INFO] [stdout]    --> src/lib.rs:175:37
[INFO] [stdout]     |
[INFO] [stdout] 175 |     type Item = Result<&'b str, io::CharsError>;
[INFO] [stdout]     |                                     ^^^^^^^^^^ not found in `io`
[INFO] [stdout] 
[INFO] [stdout] 
[INFO] [stdout] error[E0412]: cannot find type `CharsError` in module `io`
[INFO] [stdout]    --> src/lib.rs:178:51
[INFO] [stdout]     |
[INFO] [stdout] 178 |     fn next(&mut self) -> Option<Result<&str, io::CharsError>> {
[INFO] [stdout]     |                                                   ^^^^^^^^^^ not found in `io`
[INFO] [stdout] 
[INFO] [stdout] 
[INFO] [stdout] error[E0207]: the lifetime parameter `'a` is not constrained by the impl trait, self type, or predicates
[INFO] [stdout]   --> src/lib.rs:82:6
[INFO] [stdout]    |
[INFO] [stdout] 82 | impl<'a, R: Read> Iterator for Tokenizer<R> {
[INFO] [stdout]    |      ^^ unconstrained lifetime parameter
[INFO] [stdout] 
[INFO] [stdout] 
[INFO] [stdout] error[E0207]: the lifetime parameter `'b` is not constrained by the impl trait, self type, or predicates
[INFO] [stdout]    --> src/lib.rs:174:11
[INFO] [stdout]     |
[INFO] [stdout] 174 | impl <'a, 'b, R: Read> Iterator for SentenceSplitter<'a, R> {
[INFO] [stdout]     |           ^^ unconstrained lifetime parameter
[INFO] [stdout] 
[INFO] [stdout] 
[INFO] [stdout] error: aborting due to 8 previous errors
[INFO] [stdout] 
[INFO] [stdout] 
[INFO] [stdout] Some errors have detailed explanations: E0207, E0412, E0432.
[INFO] [stdout] 
[INFO] [stdout] For more information about an error, try `rustc --explain E0207`.
[INFO] [stdout] 
[INFO] [stderr] error: could not compile `token`.
[INFO] [stderr] 
[INFO] [stderr] To learn more, run the command again with --verbose.
[INFO] [stderr] warning: build failed, waiting for other jobs to finish...
[INFO] [stdout] error[E0412]: cannot find type `Chars` in module `io`
[INFO] [stdout]   --> src/lib.rs:57:16
[INFO] [stdout]    |
[INFO] [stdout] 57 |     chars: io::Chars<R>,
[INFO] [stdout]    |                ^^^^^ not found in `io`
[INFO] [stdout]    |
[INFO] [stdout] help: consider importing this struct
[INFO] [stdout]    |
[INFO] [stdout] 47 | use std::str::Chars;
[INFO] [stdout]    |
[INFO] [stdout] 
[INFO] [stdout] 
[INFO] [stdout] error[E0412]: cannot find type `CharsError` in module `io`
[INFO] [stdout]   --> src/lib.rs:83:37
[INFO] [stdout]    |
[INFO] [stdout] 83 |     type Item = Result<&'a str, io::CharsError>;
[INFO] [stdout]    |                                     ^^^^^^^^^^ not found in `io`
[INFO] [stdout] 
[INFO] [stdout] 
[INFO] [stdout] error[E0412]: cannot find type `CharsError` in module `io`
[INFO] [stdout]   --> src/lib.rs:87:51
[INFO] [stdout]    |
[INFO] [stdout] 87 |     fn next(&mut self) -> Option<Result<&str, io::CharsError>> {
[INFO] [stdout]    |                                                   ^^^^^^^^^^ not found in `io`
[INFO] [stdout] 
[INFO] [stdout] 
[INFO] [stdout] error[E0412]: cannot find type `CharsError` in module `io`
[INFO] [stdout]    --> src/lib.rs:175:37
[INFO] [stdout]     |
[INFO] [stdout] 175 |     type Item = Result<&'b str, io::CharsError>;
[INFO] [stdout]     |                                     ^^^^^^^^^^ not found in `io`
[INFO] [stdout] 
[INFO] [stdout] 
[INFO] [stdout] error[E0412]: cannot find type `CharsError` in module `io`
[INFO] [stdout]    --> src/lib.rs:178:51
[INFO] [stdout]     |
[INFO] [stdout] 178 |     fn next(&mut self) -> Option<Result<&str, io::CharsError>> {
[INFO] [stdout]     |                                                   ^^^^^^^^^^ not found in `io`
[INFO] [stdout] 
[INFO] [stdout] 
[INFO] [stdout] error[E0207]: the lifetime parameter `'a` is not constrained by the impl trait, self type, or predicates
[INFO] [stdout]   --> src/lib.rs:82:6
[INFO] [stdout]    |
[INFO] [stdout] 82 | impl<'a, R: Read> Iterator for Tokenizer<R> {
[INFO] [stdout]    |      ^^ unconstrained lifetime parameter
[INFO] [stdout] 
[INFO] [stdout] 
[INFO] [stdout] error[E0207]: the lifetime parameter `'b` is not constrained by the impl trait, self type, or predicates
[INFO] [stdout]    --> src/lib.rs:174:11
[INFO] [stdout]     |
[INFO] [stdout] 174 | impl <'a, 'b, R: Read> Iterator for SentenceSplitter<'a, R> {
[INFO] [stdout]     |           ^^ unconstrained lifetime parameter
[INFO] [stdout] 
[INFO] [stdout] 
[INFO] [stdout] error: aborting due to 8 previous errors
[INFO] [stdout] 
[INFO] [stdout] 
[INFO] [stdout] Some errors have detailed explanations: E0207, E0412, E0432.
[INFO] [stdout] 
[INFO] [stdout] For more information about an error, try `rustc --explain E0207`.
[INFO] [stdout] 
[INFO] [stderr] error: build failed
[INFO] running `Command { std: "docker" "inspect" "90993ad43e75f96f5c945bf30029cbea79e45d0a8ea643d7bebd754435bdb572", kill_on_drop: false }`
[INFO] running `Command { std: "docker" "rm" "-f" "90993ad43e75f96f5c945bf30029cbea79e45d0a8ea643d7bebd754435bdb572", kill_on_drop: false }`
[INFO] [stdout] 90993ad43e75f96f5c945bf30029cbea79e45d0a8ea643d7bebd754435bdb572
